False
Is 48576119 composite?
True
Is 27829873 composite?
False
Is 11644091 a composite number?
False
Is 1506373 prime?
False
Is 7650611 a prime number?
True
Is 1229507 prime?
False
Is 37003937 prime?
False
Is 58613831 a composite number?
False
Is 1472657 composite?
False
Is 130740367 a composite number?
False
Is 105299167 a composite number?
True
Is 28869469 a prime number?
False
Is 12498013 a prime number?
False
Is 5142119 composite?
False
Is 1409945 prime?
False
Is 660769 a prime number?
True
Is 1123119619 prime?
True
Is 220259849 prime?
True
Is 291784861 a composite number?
True
Is 774833 a prime number?
True
Is 1432857 prime?
False
Is 262568003 a prime number?
True
Is 1285507 a prime number?
True
Is 10642483 composite?
False
Is 31290487 composite?
False
Is 13158169 prime?
True
Is 5698997 a composite number?
False
Is 24386069 a prime number?
False
Is 244717 a prime number?
False
Is 17711123 prime?
False
Is 40434167 composite?
True
Is 468290947 prime?
True
Is 887999 a prime number?
False
Is 56253947 a composite number?
False
Is 34927237 a prime number?
False
Is 1964513 a composite number?
True
Is 13332919 a composite number?
False
Is 192961633 a prime number?
False
Is 67843747 a prime number?
False
Is 54704887 a composite number?
False
Is 1328603 a prime number?
True
Is 45940217 prime?
False
Is 66591439 a prime number?
True
Is 1212493 a composite number?
True
Is 905929 composite?
True
Is 1506257 prime?
True
Is 14754217 a composite number?
True
Is 464171 composite?
False
Is 4749391 a composite number?
False
Is 190305797 prime?
False
Is 33772537 a composite number?
False
Is 56505823 prime?
False
Is 10235867 composite?
False
Is 9107627 composite?
False
Is 5142251 composite?
True
Is 1538941 a composite number?
True
Is 5601073 a composite number?
True
Is 26844551 composite?
False
Is 10253923 composite?
True
Is 39856549 a composite number?
False
Is 2640217 a prime number?
True
Is 4650679 prime?
False
Is 285679 prime?
False
Is 126360011 composite?
False
Is 46199 prime?
True
Is 22546349 composite?
True
Is 80115773 a prime number?
True
Is 20044627 composite?
False
Is 2741201 prime?
True
Is 306991 composite?
False
Is 10673969 a composite number?
True
Is 162557 a composite number?
False
Is 966595463 a composite number?
True
Is 11581007 a composite number?
False
Is 12696473 a composite number?
True
Is 7383247 a composite number?
True
Is 12092271 a prime number?
False
Is 6032399 composite?
True
Is 12534539 composite?
False
Is 4147921 composite?
False
Is 36666151 a composite number?
True
Is 307410947 composite?
True
Is 1417123 prime?
True
Is 9152749 a prime number?
False
Is 408589073 a composite number?
False
Is 4660846 prime?
False
Is 95967791 prime?
True
Is 3261526 a composite number?
True
Is 74051897 composite?
False
Is 176911391 a prime number?
False
Is 3849721 prime?
False
Is 1612444657 prime?
True
Is 583841 prime?
True
Is 18949591 a composite number?
False
Is 7093397 a prime number?
False
Is 2292071 a composite number?
False
Is 14952727 a composite number?
True
Is 69678593 a prime number?
False
Is 328044643 composite?
True
Is 12830603 prime?
False
Is 105005851 prime?
False
Is 2611613 a composite number?
False
Is 1091459 prime?
True
Is 9915233 a prime number?
False
Is 77847613 a composite number?
True
Is 232886867 a composite number?
False
Is 575753 a prime number?
True
Is 50919793 a prime number?
True
Is 3240371 prime?
True
Is 2475687 prime?
False
Is 196367953 composite?
True
Is 907549 composite?
False
Is 238593947 a prime number?
False
Is 94781941 a prime number?
True
Is 27074378 composite?
True
Is 131959 a prime number?
True
Is 374375281 prime?
False
Is 247647107 a prime number?
False
Is 39805963 a composite number?
True
Is 1259581 a composite number?
True
Is 246418573 composite?
True
Is 321078221 a composite number?
False
Is 17951695 prime?
False
Is 1595701 a composite number?
False
Is 170735503 prime?
False
Is 90648967 a prime number?
False
Is 3557999 a composite number?
False
Is 1450387 prime?
False
Is 3651793 a prime number?
True
Is 144544813 composite?
True
Is 304020481 prime?
True
Is 44703211 composite?
True
Is 505559 composite?
False
Is 94780927 prime?
True
Is 226451 prime?
True
Is 60608623 composite?
False
Is 5017639 a composite number?
True
Is 192638035 a prime number?
False
Is 24223295 a composite number?
True
Is 799609 composite?
False
Is 185099 composite?
False
Is 21907319 a prime number?
False
Is 9530261 a prime number?
False
Is 1921211 composite?
False
Is 4439681 a composite number?
True
Is 835369 a prime number?
True
Is 2689991 a composite number?
False
Is 7614671 a composite number?
True
Is 19911533 a composite number?
False
Is 47504027 prime?
False
Is 3254729 a prime number?
True
Is 236377 composite?
False
Is 2459993 a composite number?
False
Is 29179337 prime?
False
Is 123946135 a composite number?
True
Is 760251 a prime number?
False
Is 343435759 a prime number?
False
Is 4728761 prime?
True
Is 20891663 composite?
True
Is 218532071 prime?
True
Is 107456747 a composite number?
False
Is 237382969 a composite number?
True
Is 369638099 composite?
True
Is 105432037 composite?
False
Is 11844091 a composite number?
True
Is 756101 prime?
True
Is 13740737 a composite number?
True
Is 2285777 a prime number?
False
Is 8031181 a composite number?
False
Is 19159499 prime?
True
Is 3367669 a composite number?
False
Is 341688251 prime?
True
Is 24997267 a prime number?
True
Is 39070529 composite?
True
Is 1560733 prime?
True
Is 49500017 composite?
True
Is 1076809 prime?
False
Is 3043093 composite?
False
Is 158949967 a composite number?
True
Is 23632473 composite?
True
Is 493781 a prime number?
False
Is 701371 composite?
True
Is 161823581 composite?
False
Is 4901903 composite?
False
Is 8209582 prime?
False
Is 17228737 composite?
False
Is 1799137 a composite number?
False
Is 14189 a prime number?
False
Is 65716369 composite?
True
Is 555991 composite?
True
Is 462328771 a composite number?
False
Is 18040214 a prime number?
False
Is 2293531 a prime number?
True
Is 97406207 a prime number?
False
Is 4025337 a composite number?
True
Is 454693 prime?
False
Is 188128399 a prime number?
False
Is 60845357 a prime number?
True
Is 21505129 composite?
False
Is 121745467 composite?
False
Is 4279721 a prime number?
False
Is 13177959 a composite number?
True
Is 472020713 a prime number?
True
Is 5028299 composite?
False
Is 59678167 composite?
False
Is 5512667 a composite number?
True
Is 157844021 composite?
False
Is 254954083 a prime number?
False
Is 9496469 a prime number?
False
Is 14051 a composite number?
False
Is 8191 a prime number?
True
Is 66499 a prime number?
True
Is 7871029 a composite number?
False
Is 25687923 composite?
True
Is 12334429 a prime number?
True
Is 33126313 a composite number?
True
Is 197947669 composite?
True
Is 16157821 a prime number?
True
Is 10001603 a composite number?
False
Is 47252203 a composite number?
True
Is 1267979 a prime number?
False
Is 1433941331 a composite number?
False
Is 180979823 composite?
False
Is 51535607 prime?
True
Is 10891663 composite?
False
Is 90019703 a composite number?
True
Is 2462133011 a composite number?
True
Is 6488733 a composite number?
True
Is 4738159 prime?
False
Is 264263627 composite?
True
Is 36693143 a prime number?
True
Is 21931253 a composite number?
False
Is 350576899 a prime number?
True
Is 969377 a prime number?
True
Is 13408383 a composite number?
True
Is 7164793 a prime number?
True
Is 107022217 a prime number?
True
Is 2456303 a composite number?
False
Is 41091146 composite?
True
Is 13318301 composite?
False
Is 4813393 a prime number?
False
Is 743189 a composite number?
True
Is 49139047 prime?
True
Is 256332399 a prime number?
False
Is 7649917 a composite number?
True
Is 372007607 a prime number?
False
Is 12342895 prime?
False
Is 10153397 a prime number?
True
Is 354841759 prime?
False
Is 1659587 a prime number?
True
Is 7578479 prime?
True
Is 588282703 a prime number?
True
Is 749402 prime?
False
Is 6811799 composite?
False
Is 7294285 a composite number?
True
Is 6822889 prime?
True
Is 36518179 prime?
True
Is 157507141 a prime number?
False
Is 31444241 a composite number?
False
Is 32588039 a composite number?
True
Is 1269393101 a prime number?
True
Is 632963353 prime?
False
Is 3789277 a prime 